{"id":92,"date":"2013-08-11T19:06:15","date_gmt":"2013-08-11T19:06:15","guid":{"rendered":"http:\/\/localhost:8888\/test\/?page_id=520"},"modified":"2026-01-02T15:24:17","modified_gmt":"2026-01-02T15:24:17","slug":"sobre","status":"publish","type":"page","link":"https:\/\/bricofel.com\/site\/sobre\/","title":{"rendered":"Quem Somos"},"content":{"rendered":"\n\n  <div class=\"banner has-hover has-parallax\" id=\"banner-513577123\">\n          <div class=\"banner-inner fill\">\n        <div class=\"banner-bg fill\" data-parallax=\"-3\" data-parallax-container=\".banner\" data-parallax-background>\n            <div class=\"bg fill bg-fill \"><\/div>\n                        <div class=\"overlay\"><\/div>            \n                    <\/div>\n\t\t\n        <div class=\"banner-layers container\">\n            <div class=\"fill banner-link\"><\/div>            \n\n   <div id=\"text-box-534072085\" class=\"text-box banner-layer x50 md-x50 lg-x50 y50 md-y50 lg-y50 res-text\">\n                                <div class=\"text-box-content text dark\">\n              \n              <div class=\"text-inner text-center\">\n                  \n\n<h1 class=\"lead\">Bricofel<\/h1>\n<p class=\"lead\">Somos uma empresa especializada na venda de m\u00e1quinas e ferramentas para uso profissional e amador.<\/p>\n\n              <\/div>\n           <\/div>\n                            \n<style>\n#text-box-534072085 {\n  width: 95%;\n}\n#text-box-534072085 .text-box-content {\n  font-size: 100%;\n}\n<\/style>\n    <\/div>\n \n\n        <\/div>\n      <\/div>\n\n            \n<style>\n#banner-513577123 {\n  padding-top: 500px;\n}\n#banner-513577123 .bg.bg-loaded {\n  background-image: url(https:\/\/bricofel.com\/site\/wp-content\/uploads\/2022\/06\/dewalt_banner-1200x800.jpg);\n}\n#banner-513577123 .overlay {\n  background-color: rgba(0, 0, 0, 0.49);\n}\n#banner-513577123 .bg {\n  background-position: 44% 38%;\n}\n#banner-513577123 .ux-shape-divider--top svg {\n  height: 150px;\n  --divider-top-width: 100%;\n}\n#banner-513577123 .ux-shape-divider--bottom svg {\n  height: 150px;\n  --divider-width: 100%;\n}\n<\/style>\n  <\/div>\n\n\n<div class=\"row\"  id=\"row-225960830\">\n\n\n\t<div id=\"col-1667688622\" class=\"col small-12 large-12\"  >\n\t\t\t\t<div class=\"col-inner\"  >\n\t\t\t\n\t\t\t\n\n\t<div id=\"gap-1233105835\" class=\"gap-element clearfix\" style=\"display:block; height:auto;\">\n\t\t\n<style>\n#gap-1233105835 {\n  padding-top: 30px;\n}\n<\/style>\n\t<\/div>\n\t\n\n<p>Na Bricofel poder\u00e1 encontrar uma variedade de produtos em stock, de marcas reconhecidas com Black&amp;Decker, Bosch, DeWALT, Festool, Makita entre outras.<\/p>\n\n\t\t<\/div>\n\t\t\t\t\t<\/div>\n\n\t\n\n<\/div>\n\t<section class=\"section\" id=\"section_899882856\">\n\t\t<div class=\"bg section-bg fill bg-fill  bg-loaded\" >\n\n\t\t\t\n\t\t\t\n\t\t\t\n\n\t\t<\/div>\n\n\t\t\n\n\t\t<div class=\"section-content relative\">\n\t\t\t\n\n<div class=\"row\"  id=\"row-637551155\">\n\n\n\t<div id=\"col-1024640305\" class=\"col medium-6 small-12 large-6\"  >\n\t\t\t\t<div class=\"col-inner\"  >\n\t\t\t\n\t\t\t\n\n<p>Fundada em 1992, a Bricofel tem j\u00e1 uma vasta experi\u00eancia no ramo, procurando o rigor e o profissionalismo no atendimento ao cliente.<\/p>\n<p>O \u00eaxito da empresa adv\u00e9m da selec\u00e7\u00e3o dos produtos comercializados e de um servi\u00e7o p\u00f3s-venda de excel\u00eancia.<\/p>\n<p>Promovemos a constante forma\u00e7\u00e3o dos nossos colaboradores para lhe poderem prestar a informa\u00e7\u00e3o e aconselhamento adequado \u00e0s suas necessidades.<\/p>\n<p>A assist\u00eancia t\u00e9cnica da Bricofel \u00e9 formada por equipas de resolu\u00e7\u00e3o r\u00e1pida no local ou nas nossas oficinas.<\/p>\n\n\t\t<\/div>\n\t\t\t\t\t<\/div>\n\n\t\n\n\t<div id=\"col-1996386633\" class=\"col medium-6 small-12 large-6\"  >\n\t\t\t\t<div class=\"col-inner\"  >\n\t\t\t\n\t\t\t\n\n\t<div class=\"img has-hover x md-x lg-x y md-y lg-y\" id=\"image_1481595646\">\n\t\t\t\t\t\t\t\t<div class=\"img-inner dark\" >\n\t\t\t<img loading=\"lazy\" decoding=\"async\" width=\"1020\" height=\"680\" src=\"https:\/\/bricofel.com\/site\/wp-content\/uploads\/2022\/06\/caixa-1200x800.jpg\" class=\"attachment-large size-large\" alt=\"\" srcset=\"https:\/\/bricofel.com\/site\/wp-content\/uploads\/2022\/06\/caixa-1200x800.jpg 1200w, https:\/\/bricofel.com\/site\/wp-content\/uploads\/2022\/06\/caixa-600x400.jpg 600w, https:\/\/bricofel.com\/site\/wp-content\/uploads\/2022\/06\/caixa-768x512.jpg 768w, https:\/\/bricofel.com\/site\/wp-content\/uploads\/2022\/06\/caixa.jpg 1280w\" sizes=\"auto, (max-width: 1020px) 100vw, 1020px\" \/>\t\t\t\t\t\t\n\t\t\t\t\t<\/div>\n\t\t\t\t\t\t\t\t\n<style>\n#image_1481595646 {\n  width: 100%;\n}\n<\/style>\n\t<\/div>\n\t\n\n\n\t\t<\/div>\n\t\t\t\t\t<\/div>\n\n\t\n\n<\/div>\n\n\t\t<\/div>\n\n\t\t\n<style>\n#section_899882856 {\n  padding-top: 30px;\n  padding-bottom: 30px;\n}\n#section_899882856 .ux-shape-divider--top svg {\n  height: 150px;\n  --divider-top-width: 100%;\n}\n#section_899882856 .ux-shape-divider--bottom svg {\n  height: 150px;\n  --divider-width: 100%;\n}\n<\/style>\n\t<\/section>\n\t\n\t<section class=\"section\" id=\"section_1902712752\">\n\t\t<div class=\"bg section-bg fill bg-fill  bg-loaded\" >\n\n\t\t\t\n\t\t\t\n\t\t\t\n\n\t\t<\/div>\n\n\t\t\n\n\t\t<div class=\"section-content relative\">\n\t\t\t\n\n<div class=\"container section-title-container\" ><h3 class=\"section-title section-title-center\"><b><\/b><span class=\"section-title-main\" style=\"color:rgb(30, 92, 55);\">As nossas Marcas<\/span><b><\/b><\/h3><\/div>\n\n<div class=\"row\" style=\"max-width:90%\" id=\"row-1687080615\">\n\n\n\t<div id=\"col-1994959959\" class=\"col small-12 large-12\"  >\n\t\t\t\t<div class=\"col-inner\"  >\n\t\t\t\n\t\t\t\n\n<div class=\"slider-wrapper relative\" id=\"slider-977568395\" >\n    <div class=\"slider slider-nav-simple slider-nav-large slider-nav-dark slider-nav-outside slider-style-normal slider-show-nav\"\n        data-flickity-options='{\n            \"cellAlign\": \"center\",\n            \"imagesLoaded\": true,\n            \"lazyLoad\": 1,\n            \"freeScroll\": true,\n            \"wrapAround\": true,\n            \"autoPlay\": 6000,\n            \"pauseAutoPlayOnHover\" : true,\n            \"prevNextButtons\": true,\n            \"contain\" : true,\n            \"adaptiveHeight\" : true,\n            \"dragThreshold\" : 10,\n            \"percentPosition\": true,\n            \"pageDots\": false,\n            \"rightToLeft\": false,\n            \"draggable\": true,\n            \"selectedAttraction\": 0.1,\n            \"parallax\" : 0,\n            \"friction\": 0.6        }'\n        >\n        \n\n<div class=\"ux-logo has-hover align-middle ux_logo inline-block\" style=\"max-width: 100%!important; width: 110px!important\"><a class=\"ux-logo-link block image-zoom\" title=\"\" target=\"_blank\" rel=\"noopener noreferrer\" href=\"https:\/\/www.makita.pt\/\" style=\"padding: 15px;\"><img decoding=\"async\" src=\"https:\/\/bricofel.com\/site\/wp-content\/uploads\/2022\/06\/makita.png\" title=\"\" alt=\"\" class=\"ux-logo-image block\" style=\"height:80px;\" \/><\/a><\/div>\n\n<div class=\"ux-logo has-hover align-middle ux_logo inline-block\" style=\"max-width: 100%!important; width: 110px!important\"><a class=\"ux-logo-link block image-zoom\" title=\"\" target=\"_blank\" rel=\"noopener noreferrer\" href=\"https:\/\/www.rems.de\/start-news.aspx\" style=\"padding: 15px;\"><img decoding=\"async\" src=\"https:\/\/bricofel.com\/site\/wp-content\/uploads\/2022\/09\/rems-logo.jpg\" title=\"\" alt=\"\" class=\"ux-logo-image block\" style=\"height:80px;\" \/><\/a><\/div>\n\n<div class=\"ux-logo has-hover align-middle ux_logo inline-block\" style=\"max-width: 100%!important; width: 110px!important\"><a class=\"ux-logo-link block image-zoom\" title=\"\" target=\"_blank\" rel=\"noopener noreferrer\" href=\"https:\/\/www.abacaircompressors.com\/en\" style=\"padding: 15px;\"><img decoding=\"async\" src=\"https:\/\/bricofel.com\/site\/wp-content\/uploads\/2022\/06\/abac-1.jpg\" title=\"\" alt=\"\" class=\"ux-logo-image block\" style=\"height:80px;\" \/><\/a><\/div>\n\n<div class=\"ux-logo has-hover align-middle ux_logo inline-block\" style=\"max-width: 100%!important; width: 110px!important\"><a class=\"ux-logo-link block image-zoom\" title=\"\" target=\"_blank\" rel=\"noopener noreferrer\" href=\"https:\/\/fein.com\/pt_pt\/\" style=\"padding: 15px;\"><img decoding=\"async\" src=\"https:\/\/bricofel.com\/site\/wp-content\/uploads\/2022\/09\/fein-logo1.png.jpg\" title=\"\" alt=\"\" class=\"ux-logo-image block\" style=\"height:80px;\" \/><\/a><\/div>\n\n<div class=\"ux-logo has-hover align-middle ux_logo inline-block\" style=\"max-width: 100%!important; width: 110px!important\"><a class=\"ux-logo-link block image-zoom\" title=\"\" target=\"_blank\" rel=\"noopener noreferrer\" href=\"https:\/\/korpleg.com\/\" style=\"padding: 15px;\"><img decoding=\"async\" src=\"https:\/\/bricofel.com\/site\/wp-content\/uploads\/2022\/06\/korpleg_logo.jpg\" title=\"\" alt=\"\" class=\"ux-logo-image block\" style=\"height:80px;\" \/><\/a><\/div>\n\n<div class=\"ux-logo has-hover align-middle ux_logo inline-block\" style=\"max-width: 100%!important; width: 110px!important\"><a class=\"ux-logo-link block image-zoom\" title=\"\" target=\"_blank\" rel=\"noopener noreferrer\" href=\"https:\/\/www.edma.fr\/en\/\" style=\"padding: 15px;\"><img decoding=\"async\" src=\"https:\/\/bricofel.com\/site\/wp-content\/uploads\/2022\/09\/EDMA-LOGO-DEC-2011.png\" title=\"\" alt=\"\" class=\"ux-logo-image block\" style=\"height:80px;\" \/><\/a><\/div>\n\n<div class=\"ux-logo has-hover align-middle ux_logo inline-block\" style=\"max-width: 100%!important; width: 110px!important\"><a class=\"ux-logo-link block image-zoom\" title=\"\" target=\"_blank\" rel=\"noopener noreferrer\" href=\"https:\/\/www.mikasas.com\/\" style=\"padding: 15px;\"><img decoding=\"async\" src=\"https:\/\/bricofel.com\/site\/wp-content\/uploads\/2022\/09\/header_logo-mikasa.png\" title=\"\" alt=\"\" class=\"ux-logo-image block\" style=\"height:80px;\" \/><\/a><\/div>\n\n<div class=\"ux-logo has-hover align-middle ux_logo inline-block\" style=\"max-width: 100%!important; width: 110px!important\"><a class=\"ux-logo-link block image-zoom\" title=\"\" target=\"_blank\" rel=\"noopener noreferrer\" href=\"https:\/\/www.bosch.pt\/\" style=\"padding: 15px;\"><img decoding=\"async\" src=\"https:\/\/bricofel.com\/site\/wp-content\/uploads\/2022\/09\/Bosch-Logo.png\" title=\"\" alt=\"\" class=\"ux-logo-image block\" style=\"height:80px;\" \/><\/a><\/div>\n\n<div class=\"ux-logo has-hover align-middle ux_logo inline-block\" style=\"max-width: 100%!important; width: 110px!important\"><a class=\"ux-logo-link block image-zoom\" title=\"\" target=\"_blank\" rel=\"noopener noreferrer\" href=\"https:\/\/www.blackanddecker.pt\/\" style=\"padding: 15px;\"><img decoding=\"async\" src=\"https:\/\/bricofel.com\/site\/wp-content\/uploads\/2022\/09\/png-transparent-black-decker-hd-logo.png\" title=\"\" alt=\"\" class=\"ux-logo-image block\" style=\"height:80px;\" \/><\/a><\/div>\n\n<div class=\"ux-logo has-hover align-middle ux_logo inline-block\" style=\"max-width: 100%!important; width: 110px!important\"><a class=\"ux-logo-link block image-zoom\" title=\"\" target=\"_blank\" rel=\"noopener noreferrer\" href=\"https:\/\/www.bessey.de\/pt-PT\" style=\"padding: 15px;\"><img decoding=\"async\" src=\"https:\/\/bricofel.com\/site\/wp-content\/uploads\/2022\/09\/bessey-logo.png\" title=\"\" alt=\"\" class=\"ux-logo-image block\" style=\"height:80px;\" \/><\/a><\/div>\n\n<div class=\"ux-logo has-hover align-middle ux_logo inline-block\" style=\"max-width: 100%!important; width: 110px!important\"><a class=\"ux-logo-link block image-zoom\" title=\"\" target=\"_blank\" rel=\"noopener noreferrer\" href=\"https:\/\/www.metabo.com\/com\/pt\/\" style=\"padding: 15px;\"><img decoding=\"async\" src=\"https:\/\/bricofel.com\/site\/wp-content\/uploads\/2022\/09\/Metabo-logo.png\" title=\"\" alt=\"\" class=\"ux-logo-image block\" style=\"height:80px;\" \/><\/a><\/div>\n\n<div class=\"ux-logo has-hover align-middle ux_logo inline-block\" style=\"max-width: 100%!important; width: 110px!important\"><a class=\"ux-logo-link block image-zoom\" title=\"\"  href=\"https:\/\/www.dewalt.pt\/\" style=\"padding: 15px;\"><img decoding=\"async\" src=\"https:\/\/bricofel.com\/site\/wp-content\/uploads\/2022\/06\/0019_dewalt2.jpg\" title=\"\" alt=\"\" class=\"ux-logo-image block\" style=\"height:80px;\" \/><\/a><\/div>\n\n<div class=\"ux-logo has-hover align-middle ux_logo inline-block\" style=\"max-width: 100%!important; width: 110px!important\"><a class=\"ux-logo-link block image-zoom\" title=\"\" target=\"_blank\" rel=\"noopener noreferrer\" href=\"https:\/\/www.festool.pt\/\" style=\"padding: 15px;\"><img decoding=\"async\" src=\"https:\/\/bricofel.com\/site\/wp-content\/uploads\/2022\/06\/0025_festool-logo.jpg\" title=\"\" alt=\"\" class=\"ux-logo-image block\" style=\"height:80px;\" \/><\/a><\/div>\n\n<div class=\"ux-logo has-hover align-middle ux_logo inline-block\" style=\"max-width: 100%!important; width: 110px!important\"><a class=\"ux-logo-link block image-zoom\" title=\"\" target=\"_blank\" rel=\"noopener noreferrer\" href=\"https:\/\/www.facom.com\/pt\/\" style=\"padding: 15px;\"><img decoding=\"async\" src=\"https:\/\/bricofel.com\/site\/wp-content\/uploads\/2022\/06\/0004_BCL_FACOM_facom.jpg\" title=\"\" alt=\"\" class=\"ux-logo-image block\" style=\"height:80px;\" \/><\/a><\/div>\n\n<div class=\"ux-logo has-hover align-middle ux_logo inline-block\" style=\"max-width: 100%!important; width: 110px!important\"><a class=\"ux-logo-link block image-zoom\" title=\"\" target=\"_blank\" rel=\"noopener noreferrer\" href=\"https:\/\/hikoki-powertools.es\/pt\/\" style=\"padding: 15px;\"><img decoding=\"async\" src=\"https:\/\/bricofel.com\/site\/wp-content\/uploads\/2022\/06\/hikoki.jpg\" title=\"\" alt=\"\" class=\"ux-logo-image block\" style=\"height:80px;\" \/><\/a><\/div>\n\n<div class=\"ux-logo has-hover align-middle ux_logo inline-block\" style=\"max-width: 100%!important; width: 110px!important\"><a class=\"ux-logo-link block image-zoom\" title=\"\" target=\"_blank\" rel=\"noopener noreferrer\" href=\"https:\/\/www.optimum-machines.com\/\" style=\"padding: 15px;\"><img decoding=\"async\" src=\"https:\/\/bricofel.com\/site\/wp-content\/uploads\/2022\/06\/Optimum.jpg\" title=\"\" alt=\"\" class=\"ux-logo-image block\" style=\"height:80px;\" \/><\/a><\/div>\n\n<div class=\"ux-logo has-hover align-middle ux_logo inline-block\" style=\"max-width: 100%!important; width: 110px!important\"><a class=\"ux-logo-link block image-zoom\" title=\"\" target=\"_blank\" rel=\"noopener noreferrer\" href=\"https:\/\/www.pramac.com\/pt_PT\/\" style=\"padding: 15px;\"><img decoding=\"async\" src=\"https:\/\/bricofel.com\/site\/wp-content\/uploads\/2022\/06\/paramac.jpg\" title=\"\" alt=\"\" class=\"ux-logo-image block\" style=\"height:80px;\" \/><\/a><\/div>\n\n<div class=\"ux-logo has-hover align-middle ux_logo inline-block\" style=\"max-width: 100%!important; width: 110px!important\"><a class=\"ux-logo-link block image-zoom\" title=\"\" target=\"_blank\" rel=\"noopener noreferrer\" href=\"https:\/\/www.oz-machine.com\/\" style=\"padding: 15px;\"><img decoding=\"async\" src=\"https:\/\/bricofel.com\/site\/wp-content\/uploads\/2022\/06\/ozmachine.jpg\" title=\"\" alt=\"\" class=\"ux-logo-image block\" style=\"height:80px;\" \/><\/a><\/div>\n\n<div class=\"ux-logo has-hover align-middle ux_logo inline-block\" style=\"max-width: 100%!important; width: 110px!important\"><a class=\"ux-logo-link block image-zoom\" title=\"\" target=\"_blank\" rel=\"noopener noreferrer\" href=\"https:\/\/www.harnnett.es\/\" style=\"padding: 15px;\"><img decoding=\"async\" src=\"https:\/\/bricofel.com\/site\/wp-content\/uploads\/2022\/06\/harnnett.jpg\" title=\"\" alt=\"\" class=\"ux-logo-image block\" style=\"height:80px;\" \/><\/a><\/div>\n\n<div class=\"ux-logo has-hover align-middle ux_logo inline-block\" style=\"max-width: 100%!important; width: 110px!important\"><a class=\"ux-logo-link block image-zoom\" title=\"\" target=\"_blank\" rel=\"noopener noreferrer\" href=\"https:\/\/www.electrexwelding.com\/\" style=\"padding: 15px;\"><img decoding=\"async\" src=\"https:\/\/bricofel.com\/site\/wp-content\/uploads\/2022\/06\/electrex.jpg\" title=\"\" alt=\"\" class=\"ux-logo-image block\" style=\"height:80px;\" \/><\/a><\/div>\n\n<div class=\"ux-logo has-hover align-middle ux_logo inline-block\" style=\"max-width: 100%!important; width: 110px!important\"><a class=\"ux-logo-link block image-zoom\" title=\"\" target=\"_blank\" rel=\"noopener noreferrer\" href=\"https:\/\/www.kraenzle.com\/\" style=\"padding: 15px;\"><img decoding=\"async\" src=\"https:\/\/bricofel.com\/site\/wp-content\/uploads\/2022\/06\/kranzle.jpg\" title=\"\" alt=\"\" class=\"ux-logo-image block\" style=\"height:80px;\" \/><\/a><\/div>\n\n<div class=\"ux-logo has-hover align-middle ux_logo inline-block\" style=\"max-width: 100%!important; width: 110px!important\"><a class=\"ux-logo-link block image-zoom\" title=\"\" target=\"_blank\" rel=\"noopener noreferrer\" href=\"https:\/\/www.hitachi.eu\/pt-pt\" style=\"padding: 15px;\"><img decoding=\"async\" src=\"https:\/\/bricofel.com\/site\/wp-content\/uploads\/2022\/09\/Hitachi_logo_logotype_black.png\" title=\"\" alt=\"\" class=\"ux-logo-image block\" style=\"height:80px;\" \/><\/a><\/div>\n\n<div class=\"ux-logo has-hover align-middle ux_logo inline-block\" style=\"max-width: 100%!important; width: 110px!important\"><a class=\"ux-logo-link block image-zoom\" title=\"\" target=\"_blank\" rel=\"noopener noreferrer\" href=\"https:\/\/www.fischer.pt\/pt-pt\/\" style=\"padding: 15px;\"><img decoding=\"async\" src=\"https:\/\/bricofel.com\/site\/wp-content\/uploads\/2022\/06\/fischer.jpg\" title=\"\" alt=\"\" class=\"ux-logo-image block\" style=\"height:80px;\" \/><\/a><\/div>\n\n<div class=\"ux-logo has-hover align-middle ux_logo inline-block\" style=\"max-width: 100%!important; width: 110px!important\"><a class=\"ux-logo-link block image-zoom\" title=\"\" target=\"_blank\" rel=\"noopener noreferrer\" href=\"https:\/\/lgf.it\/portugues\/por_index.php\" style=\"padding: 15px;\"><img decoding=\"async\" src=\"https:\/\/bricofel.com\/site\/wp-content\/uploads\/2022\/06\/lgf.jpg\" title=\"\" alt=\"\" class=\"ux-logo-image block\" style=\"height:80px;\" \/><\/a><\/div>\n\n<div class=\"ux-logo has-hover align-middle ux_logo inline-block\" style=\"max-width: 100%!important; width: 110px!important\"><a class=\"ux-logo-link block image-zoom\" title=\"\" target=\"_blank\" rel=\"noopener noreferrer\" href=\"https:\/\/www.stanleyworks.pt\/\" style=\"padding: 15px;\"><img decoding=\"async\" src=\"https:\/\/bricofel.com\/site\/wp-content\/uploads\/2022\/06\/stanley.jpg\" title=\"\" alt=\"\" class=\"ux-logo-image block\" style=\"height:80px;\" \/><\/a><\/div>\n\n<div class=\"ux-logo has-hover align-middle ux_logo inline-block\" style=\"max-width: 100%!important; width: 110px!important\"><a class=\"ux-logo-link block image-zoom\" title=\"\" target=\"_blank\" rel=\"noopener noreferrer\" href=\"https:\/\/www.beta-tools.com\/pt\/\" style=\"padding: 15px;\"><img decoding=\"async\" src=\"https:\/\/bricofel.com\/site\/wp-content\/uploads\/2022\/06\/0030_24Rafpx.jpg\" title=\"\" alt=\"\" class=\"ux-logo-image block\" style=\"height:80px;\" \/><\/a><\/div>\n\n<div class=\"ux-logo has-hover align-middle ux_logo inline-block\" style=\"max-width: 100%!important; width: 110px!important\"><a class=\"ux-logo-link block image-zoom\" title=\"\" target=\"_blank\" rel=\"noopener noreferrer\" href=\"https:\/\/www.soudal.pt\/pro\" style=\"padding: 15px;\"><img decoding=\"async\" src=\"https:\/\/bricofel.com\/site\/wp-content\/uploads\/2022\/06\/soudal.jpg\" title=\"\" alt=\"\" class=\"ux-logo-image block\" style=\"height:80px;\" \/><\/a><\/div>\n\n<div class=\"ux-logo has-hover align-middle ux_logo inline-block\" style=\"max-width: 100%!important; width: 110px!important\"><a class=\"ux-logo-link block image-zoom\" title=\"\" target=\"_blank\" rel=\"noopener noreferrer\" href=\"https:\/\/www.urko.com\/es\/\" style=\"padding: 15px;\"><img decoding=\"async\" src=\"https:\/\/bricofel.com\/site\/wp-content\/uploads\/2022\/09\/urko.png\" title=\"\" alt=\"\" class=\"ux-logo-image block\" style=\"height:80px;\" \/><\/a><\/div>\n\n<div class=\"ux-logo has-hover align-middle ux_logo inline-block\" style=\"max-width: 100%!important; width: 110px!important\"><a class=\"ux-logo-link block image-zoom\" title=\"\" target=\"_blank\" rel=\"noopener noreferrer\" href=\"https:\/\/www.wiwa.de\/alle-produkte\" style=\"padding: 15px;\"><img decoding=\"async\" src=\"https:\/\/bricofel.com\/site\/wp-content\/uploads\/2022\/06\/wiwa.jpg\" title=\"\" alt=\"\" class=\"ux-logo-image block\" style=\"height:80px;\" \/><\/a><\/div>\n\n<div class=\"ux-logo has-hover align-middle ux_logo inline-block\" style=\"max-width: 100%!important; width: 110px!important\"><a class=\"ux-logo-link block image-zoom\" title=\"\" target=\"_blank\" rel=\"noopener noreferrer\" href=\"http:\/\/www.linde-gas.pt\/pt\/industries\/rubber_and_plastics\/index.html\" style=\"padding: 15px;\"><img decoding=\"async\" src=\"https:\/\/bricofel.com\/site\/wp-content\/uploads\/2022\/06\/linde.jpg\" title=\"\" alt=\"\" class=\"ux-logo-image block\" style=\"height:80px;\" \/><\/a><\/div>\n\n<div class=\"ux-logo has-hover align-middle ux_logo inline-block\" style=\"max-width: 100%!important; width: 110px!important\"><a class=\"ux-logo-link block image-zoom\" title=\"\" target=\"_blank\" rel=\"noopener noreferrer\" href=\"https:\/\/www.3m.com.pt\/3M\/pt_PT\/empresa-pt\/\" style=\"padding: 15px;\"><img decoding=\"async\" src=\"https:\/\/bricofel.com\/site\/wp-content\/uploads\/2022\/06\/3m.jpg\" title=\"\" alt=\"\" class=\"ux-logo-image block\" style=\"height:80px;\" \/><\/a><\/div>\n\n<div class=\"ux-logo has-hover align-middle ux_logo inline-block\" style=\"max-width: 100%!important; width: 110px!important\"><a class=\"ux-logo-link block image-zoom\" title=\"\" target=\"_blank\" rel=\"noopener noreferrer\" href=\"https:\/\/www.marcapl.com\/marca\/esp\/\" style=\"padding: 15px;\"><img decoding=\"async\" src=\"https:\/\/bricofel.com\/site\/wp-content\/uploads\/2022\/06\/marca.jpg\" title=\"\" alt=\"\" class=\"ux-logo-image block\" style=\"height:80px;\" \/><\/a><\/div>\n\n\n     <\/div>\n\n     <div class=\"loading-spin dark large centered\"><\/div>\n\n     \t<\/div>\n\n\n\n\t\t<\/div>\n\t\t\t\t\t<\/div>\n\n\t\n\n<\/div>\n<div class=\"row align-middle align-center\"  id=\"row-206365173\">\n\n\n\t<div id=\"col-951994239\" class=\"col small-12 large-12\"  >\n\t\t\t\t<div class=\"col-inner text-center\"  >\n\t\t\t\n\t\t\t\n\n<a href=\"https:\/\/bricofel.com\/site\/brands\/\" target=\"_self\" class=\"button primary is-outline\"  style=\"border-radius:99px;\">\n    <span>TODAS AS MARCAS<\/span>\n  <\/a>\n\n\n\n\t\t<\/div>\n\t\t\t\t\t<\/div>\n\n\t\n\n<\/div>\n\n\t\t<\/div>\n\n\t\t\n<style>\n#section_1902712752 {\n  padding-top: 30px;\n  padding-bottom: 30px;\n}\n#section_1902712752 .ux-shape-divider--top svg {\n  height: 150px;\n  --divider-top-width: 100%;\n}\n#section_1902712752 .ux-shape-divider--bottom svg {\n  height: 150px;\n  --divider-width: 100%;\n}\n<\/style>\n\t<\/section>\n\t\n","protected":false},"excerpt":{"rendered":"","protected":false},"author":1,"featured_media":18,"parent":0,"menu_order":0,"comment_status":"closed","ping_status":"closed","template":"page-blank.php","meta":{"footnotes":""},"class_list":["post-92","page","type-page","status-publish","has-post-thumbnail","hentry"],"aioseo_notices":[],"_links":{"self":[{"href":"https:\/\/bricofel.com\/site\/wp-json\/wp\/v2\/pages\/92","targetHints":{"allow":["GET"]}}],"collection":[{"href":"https:\/\/bricofel.com\/site\/wp-json\/wp\/v2\/pages"}],"about":[{"href":"https:\/\/bricofel.com\/site\/wp-json\/wp\/v2\/types\/page"}],"author":[{"embeddable":true,"href":"https:\/\/bricofel.com\/site\/wp-json\/wp\/v2\/users\/1"}],"replies":[{"embeddable":true,"href":"https:\/\/bricofel.com\/site\/wp-json\/wp\/v2\/comments?post=92"}],"version-history":[{"count":1,"href":"https:\/\/bricofel.com\/site\/wp-json\/wp\/v2\/pages\/92\/revisions"}],"predecessor-version":[{"id":3199,"href":"https:\/\/bricofel.com\/site\/wp-json\/wp\/v2\/pages\/92\/revisions\/3199"}],"wp:featuredmedia":[{"embeddable":true,"href":"https:\/\/bricofel.com\/site\/wp-json\/wp\/v2\/media\/18"}],"wp:attachment":[{"href":"https:\/\/bricofel.com\/site\/wp-json\/wp\/v2\/media?parent=92"}],"curies":[{"name":"wp","href":"https:\/\/api.w.org\/{rel}","templated":true}]}}