{"id":1304,"date":"2022-06-23T15:50:50","date_gmt":"2022-06-23T15:50:50","guid":{"rendered":"https:\/\/bricofel.com\/site\/?post_type=product&#038;p=1304"},"modified":"2022-06-23T16:16:48","modified_gmt":"2022-06-23T16:16:48","slug":"lavadora-de-alta-pressao-150-bar-2-5kwhw151","status":"publish","type":"product","link":"https:\/\/bricofel.com\/site\/product\/lavadora-de-alta-pressao-150-bar-2-5kwhw151\/","title":{"rendered":"Lavadora de alta press\u00e3o 150 bar 2.5kWHW151"},"content":{"rendered":"<div class=\"techspecs--row\">\n<div class=\"techspecs--row-specification\">Pot\u00eancia<\/div>\n<div class=\"techspecs--row-value\">2.500 W<\/div>\n<\/div>\n<div class=\"techspecs--row\">\n<div class=\"techspecs--row-specification\">Press\u00e3o m\u00e1x..<\/div>\n<div class=\"techspecs--row-value\">150 bar<\/div>\n<\/div>\n<div class=\"techspecs--row\">\n<div class=\"techspecs--row-specification\">Caudal m\u00e1x..<\/div>\n<div class=\"techspecs--row-value\">500 L\/h<\/div>\n<\/div>\n<div class=\"techspecs--row\">\n<div class=\"techspecs--row-specification\">M\u00e1x. temperatura da entrada da \u00e1gua<\/div>\n<div class=\"techspecs--row-value\">50 \u00b0C<\/div>\n<\/div>\n<div class=\"techspecs--row\">\n<div class=\"techspecs--row-specification\">Peso<\/div>\n<div class=\"techspecs--row-value\">26,9 Kg<\/div>\n<\/div>\n<div class=\"techspecs--row\">\n<div class=\"techspecs--row-specification\">Comprimento do cabo<\/div>\n<div class=\"techspecs--row-value\">5 m<\/div>\n<\/div>\n<div class=\"techspecs--row\">\n<div class=\"techspecs--row-specification\">Dimens\u00f5es (CxLxA)<\/div>\n<div class=\"techspecs--row-value\">370 x 360 x 880 mm<\/div>\n<\/div>\n<div class=\"techspecs--row\">\n<div class=\"techspecs--row-specification\">Comprimento da mangueira<\/div>\n<div class=\"techspecs--row-value\">10 m<\/div>\n<\/div>\n<div class=\"techspecs--row\">\n<div class=\"techspecs--row-specification\">Mangueira de borracha refor\u00e7ada<\/div>\n<div class=\"techspecs--row-value\"><\/div>\n<\/div>\n<div class=\"techspecs--row\">\n<div class=\"techspecs--row-specification\">Dep\u00f3sito de detergente integrado<\/div>\n<div class=\"techspecs--row-value\"><\/div>\n<\/div>\n<div class=\"techspecs--row\">\n<div class=\"techspecs--row-specification\">Emiss\u00e3o de vibra\u00e7\u00e3o<\/div>\n<div class=\"techspecs--row-value\">2,74 m\/seg\u00b2<\/div>\n<\/div>\n<div class=\"techspecs--row\">\n<div class=\"techspecs--row-specification\">Incerteza da vibra\u00e7\u00e3o<\/div>\n<div class=\"techspecs--row-value\">1,50 m\/seg\u00b2<\/div>\n<\/div>\n<div class=\"techspecs--row\">\n<div class=\"techspecs--row-specification\">Press\u00e3o sonora<\/div>\n<div class=\"techspecs--row-value\">80,10 dB(A)<\/div>\n<\/div>\n<div class=\"techspecs--row\">\n<div class=\"techspecs--row-specification\">Pot\u00eancia sonora<\/div>\n<div class=\"techspecs--row-value\">88,00 dB(A)<\/div>\n<\/div>\n<div class=\"techspecs--row\">\n<div class=\"techspecs--row-specification\">Incerteza (k) sonora<\/div>\n<div class=\"techspecs--row-value\">3,00 dB(A)<\/div>\n<\/div>\n","protected":false},"excerpt":{"rendered":"<p>Pot\u00eancia 2.500 W Press\u00e3o m\u00e1x.. 150 bar Caudal m\u00e1x.. 500 L\/h M\u00e1x. temperatura da entrada da \u00e1gua 50 \u00b0C Peso 26,9 Kg Comprimento do cabo 5 m Dimens\u00f5es (CxLxA) 370 x 360 x 880 mm Comprimento da mangueira 10 m Mangueira de borracha refor\u00e7ada Dep\u00f3sito de detergente integrado Emiss\u00e3o de vibra\u00e7\u00e3o 2,74 m\/seg\u00b2 Incerteza da [&#8230;]\n","protected":false},"featured_media":1313,"template":"","meta":[],"product_cat":[105,109],"product_tag":[],"class_list":["post-1304","product","type-product","status-publish","has-post-thumbnail","hentry","product_cat-construcao-civil","product_cat-lavadoras-e-decapagem","product_brand-makita"],"aioseo_notices":[],"_links":{"self":[{"href":"https:\/\/bricofel.com\/site\/wp-json\/wp\/v2\/product\/1304","targetHints":{"allow":["GET"]}}],"collection":[{"href":"https:\/\/bricofel.com\/site\/wp-json\/wp\/v2\/product"}],"about":[{"href":"https:\/\/bricofel.com\/site\/wp-json\/wp\/v2\/types\/product"}],"wp:featuredmedia":[{"embeddable":true,"href":"https:\/\/bricofel.com\/site\/wp-json\/wp\/v2\/media\/1313"}],"wp:attachment":[{"href":"https:\/\/bricofel.com\/site\/wp-json\/wp\/v2\/media?parent=1304"}],"wp:term":[{"taxonomy":"product_cat","embeddable":true,"href":"https:\/\/bricofel.com\/site\/wp-json\/wp\/v2\/product_cat?post=1304"},{"taxonomy":"product_tag","embeddable":true,"href":"https:\/\/bricofel.com\/site\/wp-json\/wp\/v2\/product_tag?post=1304"}],"curies":[{"name":"wp","href":"https:\/\/api.w.org\/{rel}","templated":true}]}}