{"id":1412,"date":"2022-06-24T10:23:26","date_gmt":"2022-06-24T10:23:26","guid":{"rendered":"https:\/\/bricofel.com\/site\/?post_type=product&#038;p=1412"},"modified":"2022-11-07T14:32:51","modified_gmt":"2022-11-07T14:32:51","slug":"ph-6200","status":"publish","type":"product","link":"https:\/\/bricofel.com\/site\/product\/ph-6200\/","title":{"rendered":"PH 6200"},"content":{"rendered":"<p><strong>S\u00e9rie PH Convencional com Compensa\u00e7\u00e3o de Flex\u00e3o<br \/>\nAs m\u00e1quinas da s\u00e9rie SE Electronics com qualidade extraordin\u00e1ria de acordo com o feedback de nossos clientes<\/strong><\/p>\n<p>As dobradeiras convencionais da s\u00e9rie PH se destacaram por seu projeto e fabrica\u00e7\u00e3o muito particular da KORPLEG para a compensa\u00e7\u00e3o de push-up conseguida atrav\u00e9s da posi\u00e7\u00e3o dos cilindros e batente de penetra\u00e7\u00e3o, com isso conseguiu-se que o operador controlasse a press\u00e3o que a dobra fosse positiva ou negativo, voc\u00ea s\u00f3 poderia conseguir este sistema com nossas m\u00e1quinas Korpleg PH e PHE.\u00a0equipado com o batente traseiro os pulsos com dedos regul\u00e1veis \u200b\u200bem altura e dobr\u00e1veis.\u00a0Bloco de Regulagem Hidr\u00e1ulico Cs com v\u00e1lvulas de redund\u00e2ncia de opera\u00e7\u00e3o pesco\u00e7o de cisne largo, mesa destac\u00e1vel e aparafusada no quadro inferior.\u00a0Prote\u00e7\u00f5es dianteiras e traseiras para barreiras de seguran\u00e7a de n\u00edvel 4.\u00a0Bra\u00e7os dianteiros de suporte de chapa de metal Habilidades de m\u00e1quina: De 1100 a 7100 y-fold comprimento de 30 a 1.000 Tn.\u00a0poder de dobragem Controle num\u00e9rico de 3 eixos opcional<\/p>\n<p>Estas m\u00e1quinas est\u00e3o paradas de Fabrica\u00e7\u00e3o pelo custo muito superior aos modelos atuais.<\/p>\n","protected":false},"excerpt":{"rendered":"<p>S\u00e9rie PH Convencional com Compensa\u00e7\u00e3o de Flex\u00e3o As m\u00e1quinas da s\u00e9rie SE Electronics com qualidade extraordin\u00e1ria de acordo com o feedback de nossos clientes As dobradeiras convencionais da s\u00e9rie PH se destacaram por seu projeto e fabrica\u00e7\u00e3o muito particular da KORPLEG para a compensa\u00e7\u00e3o de push-up conseguida atrav\u00e9s da posi\u00e7\u00e3o dos cilindros e batente de [&#8230;]\n","protected":false},"featured_media":1415,"template":"","meta":[],"product_cat":[440,439],"product_tag":[],"class_list":["post-1412","product","type-product","status-publish","has-post-thumbnail","hentry","product_cat-maquinas-industriais-metal","product_cat-metal","product_brand-korpleg"],"aioseo_notices":[],"_links":{"self":[{"href":"https:\/\/bricofel.com\/site\/wp-json\/wp\/v2\/product\/1412","targetHints":{"allow":["GET"]}}],"collection":[{"href":"https:\/\/bricofel.com\/site\/wp-json\/wp\/v2\/product"}],"about":[{"href":"https:\/\/bricofel.com\/site\/wp-json\/wp\/v2\/types\/product"}],"wp:featuredmedia":[{"embeddable":true,"href":"https:\/\/bricofel.com\/site\/wp-json\/wp\/v2\/media\/1415"}],"wp:attachment":[{"href":"https:\/\/bricofel.com\/site\/wp-json\/wp\/v2\/media?parent=1412"}],"wp:term":[{"taxonomy":"product_cat","embeddable":true,"href":"https:\/\/bricofel.com\/site\/wp-json\/wp\/v2\/product_cat?post=1412"},{"taxonomy":"product_tag","embeddable":true,"href":"https:\/\/bricofel.com\/site\/wp-json\/wp\/v2\/product_tag?post=1412"}],"curies":[{"name":"wp","href":"https:\/\/api.w.org\/{rel}","templated":true}]}}