{"id":1640,"date":"2022-09-07T11:17:33","date_gmt":"2022-09-07T11:17:33","guid":{"rendered":"https:\/\/bricofel.com\/site\/?post_type=product&#038;p=1640"},"modified":"2022-09-07T11:22:05","modified_gmt":"2022-09-07T11:22:05","slug":"rebarbadora-710w-115mm","status":"publish","type":"product","link":"https:\/\/bricofel.com\/site\/product\/rebarbadora-710w-115mm\/","title":{"rendered":"Rebarbadora 710W 115mm"},"content":{"rendered":"<h3 class=\"subtitle\">Caracter\u00edsticas + Benef\u00edcios<\/h3>\n<ul>\n<li>Bloqueio do eixo que simplifica a troca de discos.<\/li>\n<li>Interruptor deslizante com bloqueio para maior comodidade e controlo.<\/li>\n<li>Prote\u00e7\u00e3o contra arranque indevido bastante \u00fatil, por exemplo, no caso de haver um corte de corrente, quando a corrente voltar, a ferramenta N\u00c3O arranca, sendo necess\u00e1rio voltar a lig\u00e1-la.<\/li>\n<li>Punho lateral de tr\u00eas posi\u00e7\u00f5es para controle e seguran\u00e7a adicionais<\/li>\n<li>O arranque suave reduz o movimento da ferramenta ao arrancar, proporcionando maior controlo e seguran\u00e7a<\/li>\n<\/ul>\n","protected":false},"excerpt":{"rendered":"<h3 class=\"u-font-weight-regular content__mb-small\">A potente Mini Rebarbadora 710W da BLACK+DECKER \u00e9 a ferramenta ideal para realizar cortes em tubos de metal, lajes de pedra e ladrilhos cer\u00e2micos, bem como para os trabalhos de desbaste ou remo\u00e7\u00e3o de ferrugem e tinta. O seu desenho compacto e ergon\u00f3mico permite segurar comodamente a ferramenta, simplificando o manuseamento da mesma. Gra\u00e7as ao seu motor com arranque suave, que reduz o movimento da ferramenta ao arrancar, esta oferece maior seguran\u00e7a e controlo. Inclui cabo lateral regul\u00e1vel em 2 posi\u00e7\u00f5es para usufruir de maior comodidade durante a realiza\u00e7\u00e3o de qualquer tarefa.<\/h3>\n","protected":false},"featured_media":1643,"template":"","meta":[],"product_cat":[125,121],"product_tag":[],"class_list":["post-1640","product","type-product","status-publish","has-post-thumbnail","hentry","product_cat-ferramentas-electricas","product_cat-madeira","product_brand-blackdecker"],"aioseo_notices":[],"_links":{"self":[{"href":"https:\/\/bricofel.com\/site\/wp-json\/wp\/v2\/product\/1640","targetHints":{"allow":["GET"]}}],"collection":[{"href":"https:\/\/bricofel.com\/site\/wp-json\/wp\/v2\/product"}],"about":[{"href":"https:\/\/bricofel.com\/site\/wp-json\/wp\/v2\/types\/product"}],"wp:featuredmedia":[{"embeddable":true,"href":"https:\/\/bricofel.com\/site\/wp-json\/wp\/v2\/media\/1643"}],"wp:attachment":[{"href":"https:\/\/bricofel.com\/site\/wp-json\/wp\/v2\/media?parent=1640"}],"wp:term":[{"taxonomy":"product_cat","embeddable":true,"href":"https:\/\/bricofel.com\/site\/wp-json\/wp\/v2\/product_cat?post=1640"},{"taxonomy":"product_tag","embeddable":true,"href":"https:\/\/bricofel.com\/site\/wp-json\/wp\/v2\/product_tag?post=1640"}],"curies":[{"name":"wp","href":"https:\/\/api.w.org\/{rel}","templated":true}]}}