{"id":1641,"date":"2022-09-07T11:17:36","date_gmt":"2022-09-07T11:17:36","guid":{"rendered":"https:\/\/bricofel.com\/site\/?post_type=product&#038;p=1641"},"modified":"2022-09-07T11:20:47","modified_gmt":"2022-09-07T11:20:47","slug":"lixadeira-de-disco-orbital-sem-fio","status":"publish","type":"product","link":"https:\/\/bricofel.com\/site\/product\/lixadeira-de-disco-orbital-sem-fio\/","title":{"rendered":"LIXADEIRA DE DISCO ORBITAL SEM FIO"},"content":{"rendered":"<ul>\n<li>Lixadeira de disco orbital sem fio plana com design ergon\u00f3mico e peso reduzido para trabalhar com esfor\u00e7o reduzido<\/li>\n<li>Orienta\u00e7\u00e3o confort\u00e1vel da lixadeira perto da superf\u00edcie gra\u00e7as \u00e0 baixa altura geral<\/li>\n<li>Funcionamento muito silencioso para um trabalho com poucas vibra\u00e7\u00f5es<\/li>\n<li>Punho com revestimento antiderrapante Softgrip<\/li>\n<li>O arranque suave minimiza os erros na superf\u00edcie ao pousar<\/li>\n<li>Motor sem escovas exclusivo para efici\u00eancia m\u00e1xima ao lixar, mesmo no funcionamento cont\u00ednuo<\/li>\n<li>Regula\u00e7\u00e3o cont\u00ednua da velocidade para trabalhar com rota\u00e7\u00f5es adequadas ao material<\/li>\n<li>Prato de lixar com m\u00faltiplos furos para aspira\u00e7\u00e3o eficiente e maior durabilidade do abrasivo<\/li>\n<li>Com saco coletor de poeiras em tecido, de f\u00e1cil esvaziamento, para trabalhar sem aspirador<\/li>\n<li>Lig\u00e1vel a um aspirador universal com a manga de liga\u00e7\u00e3o 630798000<\/li>\n<li>O trav\u00e3o do motor e do prato permite pousar rapidamente a m\u00e1quina<\/li>\n<li>Protetor amov\u00edvel, protege as superf\u00edcies adjacentes e aumenta a durabilidade do prato de lixar<\/li>\n<li>Com ponto de fixa\u00e7\u00e3o para cintos de fixa\u00e7\u00e3o de ferramentas para trabalhar em altura<\/li>\n<li>Com metaBOX, a solu\u00e7\u00e3o inteligente para o transporte e armazenamento<\/li>\n<\/ul>\n","protected":false},"excerpt":{"rendered":"<p>Lixadeira de disco orbital sem fio plana com design ergon\u00f3mico e peso reduzido para trabalhar com esfor\u00e7o reduzido Orienta\u00e7\u00e3o confort\u00e1vel da lixadeira perto da superf\u00edcie gra\u00e7as \u00e0 baixa altura geral Funcionamento muito silencioso para um trabalho com poucas vibra\u00e7\u00f5es Punho com revestimento antiderrapante Softgrip O arranque suave minimiza os erros na superf\u00edcie ao pousar Motor [&#8230;]\n","protected":false},"featured_media":1642,"template":"","meta":[],"product_cat":[125,121],"product_tag":[],"class_list":["post-1641","product","type-product","status-publish","has-post-thumbnail","hentry","product_cat-ferramentas-electricas","product_cat-madeira","product_brand-metabo"],"aioseo_notices":[],"_links":{"self":[{"href":"https:\/\/bricofel.com\/site\/wp-json\/wp\/v2\/product\/1641","targetHints":{"allow":["GET"]}}],"collection":[{"href":"https:\/\/bricofel.com\/site\/wp-json\/wp\/v2\/product"}],"about":[{"href":"https:\/\/bricofel.com\/site\/wp-json\/wp\/v2\/types\/product"}],"wp:featuredmedia":[{"embeddable":true,"href":"https:\/\/bricofel.com\/site\/wp-json\/wp\/v2\/media\/1642"}],"wp:attachment":[{"href":"https:\/\/bricofel.com\/site\/wp-json\/wp\/v2\/media?parent=1641"}],"wp:term":[{"taxonomy":"product_cat","embeddable":true,"href":"https:\/\/bricofel.com\/site\/wp-json\/wp\/v2\/product_cat?post=1641"},{"taxonomy":"product_tag","embeddable":true,"href":"https:\/\/bricofel.com\/site\/wp-json\/wp\/v2\/product_tag?post=1641"}],"curies":[{"name":"wp","href":"https:\/\/api.w.org\/{rel}","templated":true}]}}