{"id":1844,"date":"2022-09-12T14:58:19","date_gmt":"2022-09-12T14:58:19","guid":{"rendered":"https:\/\/bricofel.com\/site\/?post_type=product&#038;p=1844"},"modified":"2022-11-07T11:58:10","modified_gmt":"2022-11-07T11:58:10","slug":"maquina-de-pulverizacao-de-tinta-monocomponente","status":"publish","type":"product","link":"https:\/\/bricofel.com\/site\/product\/maquina-de-pulverizacao-de-tinta-monocomponente\/","title":{"rendered":"M\u00e1quina de Pulveriza\u00e7\u00e3o de Tinta Monocomponente"},"content":{"rendered":"","protected":false},"excerpt":{"rendered":"","protected":false},"featured_media":1865,"template":"","meta":[],"product_cat":[121,437],"product_tag":[],"class_list":["post-1844","product","type-product","status-publish","has-post-thumbnail","hentry","product_cat-madeira","product_cat-maq-amadoras-pintura-e-envernizamento","product_brand-wiwa"],"aioseo_notices":[],"_links":{"self":[{"href":"https:\/\/bricofel.com\/site\/wp-json\/wp\/v2\/product\/1844","targetHints":{"allow":["GET"]}}],"collection":[{"href":"https:\/\/bricofel.com\/site\/wp-json\/wp\/v2\/product"}],"about":[{"href":"https:\/\/bricofel.com\/site\/wp-json\/wp\/v2\/types\/product"}],"wp:featuredmedia":[{"embeddable":true,"href":"https:\/\/bricofel.com\/site\/wp-json\/wp\/v2\/media\/1865"}],"wp:attachment":[{"href":"https:\/\/bricofel.com\/site\/wp-json\/wp\/v2\/media?parent=1844"}],"wp:term":[{"taxonomy":"product_cat","embeddable":true,"href":"https:\/\/bricofel.com\/site\/wp-json\/wp\/v2\/product_cat?post=1844"},{"taxonomy":"product_tag","embeddable":true,"href":"https:\/\/bricofel.com\/site\/wp-json\/wp\/v2\/product_tag?post=1844"}],"curies":[{"name":"wp","href":"https:\/\/api.w.org\/{rel}","templated":true}]}}