{"id":1985,"date":"2022-09-13T11:23:12","date_gmt":"2022-09-13T11:23:12","guid":{"rendered":"https:\/\/bricofel.com\/site\/?post_type=product&#038;p=1985"},"modified":"2022-09-13T11:29:49","modified_gmt":"2022-09-13T11:29:49","slug":"martelo-demolidor-dewalt-10kg","status":"publish","type":"product","link":"https:\/\/bricofel.com\/site\/product\/martelo-demolidor-dewalt-10kg\/","title":{"rendered":"Martelo demolidor DEWALT 10KG"},"content":{"rendered":"<p><strong>Martelo Demolidor SDS-Max 19J 10Kg DeWalt D25902K<\/strong><br \/>\nSistema ativo anti-vibra\u00e7\u00e3o que incorpora um sistema de contra-peso e punho posterior flutuante que garante uma vibra\u00e7\u00e3o extremamente baixa<br \/>\nO cinzel pode ser colocado em 12 posi\u00e7\u00f5es diferentes para maior conforto de utiliza\u00e7\u00e3o<br \/>\nCorpo em liga de magn\u00e9sio garante maior durabilidade e menor peso<br \/>\nDesign compacto que permite um f\u00e1cil acesso a zonas confinadas<br \/>\nMecanismo de percuss\u00e3o de grandes dimens\u00f5es que garante extrema durabilidade e rentabilidade na demoli\u00e7\u00e3o do bet\u00e3o<br \/>\nDesign em linha e possibilidade de colocar o cinzel em 12 posi\u00e7\u00f5es diferentes para maior conforto de utiliza\u00e7\u00e3o<br \/>\nMudan\u00e7a r\u00e1pida de configura\u00e7\u00f5es do cinzel que permite uma r\u00e1pida orienta\u00e7\u00e3o do cinzel atrav\u00e9s de 12 posi\u00e7\u00f5es predefinidas<br \/>\nDesign modular que permite acesso r\u00e1pido aos componentes chaves para uma repara\u00e7\u00e3o mais r\u00e1pida e mais barata<br \/>\nArranque suave que garante maior precis\u00e3o no in\u00edcio do trabalho e protege as pe\u00e7as m\u00f3veis do martelo<br \/>\nO punho lateral multi-posi\u00e7\u00e3o pode ser colocado em qualquer lugar no tambor do martelo para manter o conforto do utilizador em toda a aplica\u00e7\u00e3o<\/p>\n","protected":false},"excerpt":{"rendered":"<p>Martelo Demolidor SDS-Max 19J 10Kg DeWalt D25902K Sistema ativo anti-vibra\u00e7\u00e3o que incorpora um sistema de contra-peso e punho posterior flutuante que garante uma vibra\u00e7\u00e3o extremamente baixa O cinzel pode ser colocado em 12 posi\u00e7\u00f5es diferentes para maior conforto de utiliza\u00e7\u00e3o Corpo em liga de magn\u00e9sio garante maior durabilidade e menor peso Design compacto que permite [&#8230;]\n","protected":false},"featured_media":1988,"template":"","meta":[],"product_cat":[105,106],"product_tag":[],"class_list":["post-1985","product","type-product","status-publish","has-post-thumbnail","hentry","product_cat-construcao-civil","product_cat-ferramentas-eletricas","product_brand-dewalt"],"aioseo_notices":[],"_links":{"self":[{"href":"https:\/\/bricofel.com\/site\/wp-json\/wp\/v2\/product\/1985","targetHints":{"allow":["GET"]}}],"collection":[{"href":"https:\/\/bricofel.com\/site\/wp-json\/wp\/v2\/product"}],"about":[{"href":"https:\/\/bricofel.com\/site\/wp-json\/wp\/v2\/types\/product"}],"wp:featuredmedia":[{"embeddable":true,"href":"https:\/\/bricofel.com\/site\/wp-json\/wp\/v2\/media\/1988"}],"wp:attachment":[{"href":"https:\/\/bricofel.com\/site\/wp-json\/wp\/v2\/media?parent=1985"}],"wp:term":[{"taxonomy":"product_cat","embeddable":true,"href":"https:\/\/bricofel.com\/site\/wp-json\/wp\/v2\/product_cat?post=1985"},{"taxonomy":"product_tag","embeddable":true,"href":"https:\/\/bricofel.com\/site\/wp-json\/wp\/v2\/product_tag?post=1985"}],"curies":[{"name":"wp","href":"https:\/\/api.w.org\/{rel}","templated":true}]}}