{"id":2871,"date":"2022-11-07T14:40:57","date_gmt":"2022-11-07T14:40:57","guid":{"rendered":"https:\/\/bricofel.com\/site\/?post_type=product&#038;p=2871"},"modified":"2022-11-07T14:41:32","modified_gmt":"2022-11-07T14:41:32","slug":"eletrobomba-submersivel-furo-pedrollo","status":"publish","type":"product","link":"https:\/\/bricofel.com\/site\/product\/eletrobomba-submersivel-furo-pedrollo\/","title":{"rendered":"Eletrobomba Submers\u00edvel furo Pedrollo"},"content":{"rendered":"<div><strong>Pedrollo \u00e9 um fabricante de eletrobombas que produz\u00a0<\/strong>bombas de\u00a0<strong>alta qualidade em a\u00e7o inoxid\u00e1vel<\/strong>.<\/div>\n<div><strong>As bombas submers\u00edveis de 4\u2033 Pedrollo<\/strong>\u00a0s\u00e3o adequadas para bombear \u00e1gua limpa para muitas aplica\u00e7\u00f5es, como abastecimento dom\u00e9stico, irriga\u00e7\u00e3o para estufas, fazendas e sistemas de \u00e1gua para habita\u00e7\u00f5es e pressuriza\u00e7\u00e3o.<br \/>\nOs componentes hidr\u00e1ulicos, acoplados a um motor TURE de alto desempenho, tornam a bomba 4SR extremamente eficiente na categoria 4\u201d, para al\u00e9m disso \u00e9 uma bomba extremamente econ\u00f3mica, gra\u00e7as \u00e0 alta efici\u00eancia e a consequente redu\u00e7\u00e3o do consumo de energia el\u00e9trica.<br \/>\nA constru\u00e7\u00e3o com impulsores flutuantes permite o<strong>\u00a0bombeamento de \u00e1gua com teor de areia de at\u00e9 150 gm \/ m3<\/strong>.\u00a0A instala\u00e7\u00e3o \u00e9 poss\u00edvel na posi\u00e7\u00e3o vertical e horizontal em certos\u00a0<a href=\"https:\/\/youtu.be\/lnJ8uThXy4A\">modelos<\/a>.<\/div>\n","protected":false},"excerpt":{"rendered":"<p>Pedrollo \u00e9 um fabricante de eletrobombas que produz\u00a0bombas de\u00a0alta qualidade em a\u00e7o inoxid\u00e1vel. As bombas submers\u00edveis de 4\u2033 Pedrollo\u00a0s\u00e3o adequadas para bombear \u00e1gua limpa para muitas aplica\u00e7\u00f5es, como abastecimento dom\u00e9stico, irriga\u00e7\u00e3o para estufas, fazendas e sistemas de \u00e1gua para habita\u00e7\u00f5es e pressuriza\u00e7\u00e3o. Os componentes hidr\u00e1ulicos, acoplados a um motor TURE de alto desempenho, tornam a [&#8230;]\n","protected":false},"featured_media":2872,"template":"","meta":[],"product_cat":[444,70],"product_tag":[],"class_list":["post-2871","product","type-product","status-publish","has-post-thumbnail","hentry","product_cat-electrobombas","product_cat-energia","product_brand-pedrollo"],"aioseo_notices":[],"_links":{"self":[{"href":"https:\/\/bricofel.com\/site\/wp-json\/wp\/v2\/product\/2871","targetHints":{"allow":["GET"]}}],"collection":[{"href":"https:\/\/bricofel.com\/site\/wp-json\/wp\/v2\/product"}],"about":[{"href":"https:\/\/bricofel.com\/site\/wp-json\/wp\/v2\/types\/product"}],"wp:featuredmedia":[{"embeddable":true,"href":"https:\/\/bricofel.com\/site\/wp-json\/wp\/v2\/media\/2872"}],"wp:attachment":[{"href":"https:\/\/bricofel.com\/site\/wp-json\/wp\/v2\/media?parent=2871"}],"wp:term":[{"taxonomy":"product_cat","embeddable":true,"href":"https:\/\/bricofel.com\/site\/wp-json\/wp\/v2\/product_cat?post=2871"},{"taxonomy":"product_tag","embeddable":true,"href":"https:\/\/bricofel.com\/site\/wp-json\/wp\/v2\/product_tag?post=2871"}],"curies":[{"name":"wp","href":"https:\/\/api.w.org\/{rel}","templated":true}]}}