{"id":3023,"date":"2022-11-09T11:17:50","date_gmt":"2022-11-09T11:17:50","guid":{"rendered":"https:\/\/bricofel.com\/site\/?post_type=product&#038;p=3023"},"modified":"2022-11-09T11:20:26","modified_gmt":"2022-11-09T11:20:26","slug":"cnc-harnnett-track-mini","status":"publish","type":"product","link":"https:\/\/bricofel.com\/site\/product\/cnc-harnnett-track-mini\/","title":{"rendered":"CNC H\u00c4RNNETT TRACK Mini"},"content":{"rendered":"<p>Centros de usinagem H\u00c4RNNETT com mesas de trabalho muito pequenas.<br \/>\nModelo dispon\u00edvel com 1 motor de fresagem simples ou modelo com troca de ferramenta.<br \/>\nOs modelos TRACK mini nasceram para satisfazer a procura de uma m\u00e1quina pequena mas potente para realizar trabalhos especializados que n\u00e3o requerem muito espa\u00e7o.<\/p>\n<p>Precis\u00e3o e velocidade compactadas em modelos muito compactos com uma estrutura muito robusta.<\/p>\n","protected":false},"excerpt":{"rendered":"<p>Centros de usinagem H\u00c4RNNETT com mesas de trabalho muito pequenas.<br \/>\nModelo dispon\u00edvel com 1 motor de fresagem simples ou modelo com troca de ferramenta.<\/p>\n","protected":false},"featured_media":3024,"template":"","meta":[],"product_cat":[440,439],"product_tag":[],"class_list":["post-3023","product","type-product","status-publish","has-post-thumbnail","hentry","product_cat-maquinas-industriais-metal","product_cat-metal","product_brand-harnnett"],"aioseo_notices":[],"_links":{"self":[{"href":"https:\/\/bricofel.com\/site\/wp-json\/wp\/v2\/product\/3023","targetHints":{"allow":["GET"]}}],"collection":[{"href":"https:\/\/bricofel.com\/site\/wp-json\/wp\/v2\/product"}],"about":[{"href":"https:\/\/bricofel.com\/site\/wp-json\/wp\/v2\/types\/product"}],"wp:featuredmedia":[{"embeddable":true,"href":"https:\/\/bricofel.com\/site\/wp-json\/wp\/v2\/media\/3024"}],"wp:attachment":[{"href":"https:\/\/bricofel.com\/site\/wp-json\/wp\/v2\/media?parent=3023"}],"wp:term":[{"taxonomy":"product_cat","embeddable":true,"href":"https:\/\/bricofel.com\/site\/wp-json\/wp\/v2\/product_cat?post=3023"},{"taxonomy":"product_tag","embeddable":true,"href":"https:\/\/bricofel.com\/site\/wp-json\/wp\/v2\/product_tag?post=3023"}],"curies":[{"name":"wp","href":"https:\/\/api.w.org\/{rel}","templated":true}]}}