{"id":3047,"date":"2022-11-09T12:12:33","date_gmt":"2022-11-09T12:12:33","guid":{"rendered":"https:\/\/bricofel.com\/site\/?post_type=product&#038;p=3047"},"modified":"2022-11-09T12:16:52","modified_gmt":"2022-11-09T12:16:52","slug":"optimill-hf-600-copia","status":"publish","type":"product","link":"https:\/\/bricofel.com\/site\/product\/optimill-hf-600-copia\/","title":{"rendered":"OPTImill F 150E"},"content":{"rendered":"<p>Todas as guias lineares com tampas de a\u00e7o inoxid\u00e1vel<br \/>\nSistema de lubrifica\u00e7\u00e3o central autom\u00e1tica<br \/>\nMotor do fuso principal Siemens<br \/>\nServo drive da SIEMENS em todos os eixos (malha de controle fechada)<br \/>\nO transportador de extens\u00e3o em design de correia garante remo\u00e7\u00e3o eficiente de cavacos<br \/>\nCarro de extens\u00e3o<br \/>\nM\u00e1x. Velocidade do fuso 10.000 min-1<br \/>\nLuz da m\u00e1quina na \u00e1rea de trabalho<br \/>\nVolante eletr\u00f4nico port\u00e1til com chave de habilita\u00e7\u00e3o e bot\u00e3o de parada de emerg\u00eancia. Simplifica consideravelmente a execu\u00e7\u00e3o de programas<br \/>\nDispositivo de refrigera\u00e7\u00e3o com tanque de refrigera\u00e7\u00e3o de 190 litros<br \/>\nA troca de ferramentas ocorre automaticamente ou com o apertar de um bot\u00e3o (dispositivo de fixa\u00e7\u00e3o de ferramentas eletropneum\u00e1tico)<br \/>\nMesa de fresagem maci\u00e7a e precisa, amplamente dimensionada e usinada com precis\u00e3o na superf\u00edcie<br \/>\nPortas de acesso generosamente projetadas para reduzir ao m\u00ednimo o tempo de limpeza e manuten\u00e7\u00e3o<br \/>\nPacote de software &#8220;SINUMERIK 808D no PC&#8221; inclu\u00eddo (Software de treinamento pr\u00e1tico para que as pe\u00e7as de trabalho possam ser programadas e simuladas offline no PC. O software pode ser baixado gratuitamente em www.cnc4you.com.)<\/p>\n<p>SINUMERIK 808 ADVANCED &#8211; Tecnologia CNC do l\u00edder em tecnologia, aliada a um revolucion\u00e1rio conceito operacional<\/p>\n<p>Aumento da produtividade na produ\u00e7\u00e3o<\/p>\n<p>O controle SINUMERIK 808D ADVANCED \u00e9 um controle CNC baseado em painel. Esta solu\u00e7\u00e3o de n\u00edvel de entrada compacta e f\u00e1cil de usar \u00e9 usada para aplica\u00e7\u00f5es de fresamento simples. Caracter\u00edsticas como f\u00e1cil opera\u00e7\u00e3o, comissionamento e manuten\u00e7\u00e3o s\u00e3o a base perfeita para equipar m\u00e1quinas CNC.<br \/>\nGra\u00e7as \u00e0s suas caracter\u00edsticas tecnol\u00f3gicas espec\u00edficas, o controle SINUMERIK 808D ADVANCED \u00e9 perfeitamente pr\u00e9-configurado para fresamento. Devido \u00e0s extens\u00f5es de hardware e software, o SINUMERIK 808D ADVANCED tamb\u00e9m oferece desempenho suficiente para funcionalidades de fresamento simples para fabrica\u00e7\u00e3o de moldes e ferramentas.<br \/>\nCompacto e robusto<\/p>\n<p>Gra\u00e7as a um design CNC baseado em painel com poucas interfaces e um painel de controle com classifica\u00e7\u00e3o IP65, o SINUMERIK 808D ADVANCED est\u00e1 perfeitamente preparado para uso em ambientes agressivos. As pequenas dimens\u00f5es permitem o uso em m\u00e1quinas compactas<br \/>\nINCLUI<\/p>\n<p>porta Ethernet RJ45<br \/>\nEcr\u00e3 LCD a cores de 8,4&#8243; com resolu\u00e7\u00e3o de 800 x 600<br \/>\nPreparado para manuten\u00e7\u00e3o remota<br \/>\nfun\u00e7\u00e3o AST; permite f\u00e1cil otimiza\u00e7\u00e3o para requisitos mais altos em din\u00e2mica e precis\u00e3o<br \/>\ncodificador absoluto \/ sem necessidade de homing<br \/>\nMaior precis\u00e3o<\/p>\n","protected":false},"excerpt":{"rendered":"<p>SINUMERIK 808 ADVANCED &#8211; Tecnologia CNC do l\u00edder em tecnologia, aliada a um revolucion\u00e1rio conceito operacional<\/p>\n","protected":false},"featured_media":3051,"template":"","meta":[],"product_cat":[440,439],"product_tag":[],"class_list":["post-3047","product","type-product","status-publish","has-post-thumbnail","hentry","product_cat-maquinas-industriais-metal","product_cat-metal","product_brand-optimum"],"aioseo_notices":[],"_links":{"self":[{"href":"https:\/\/bricofel.com\/site\/wp-json\/wp\/v2\/product\/3047","targetHints":{"allow":["GET"]}}],"collection":[{"href":"https:\/\/bricofel.com\/site\/wp-json\/wp\/v2\/product"}],"about":[{"href":"https:\/\/bricofel.com\/site\/wp-json\/wp\/v2\/types\/product"}],"wp:featuredmedia":[{"embeddable":true,"href":"https:\/\/bricofel.com\/site\/wp-json\/wp\/v2\/media\/3051"}],"wp:attachment":[{"href":"https:\/\/bricofel.com\/site\/wp-json\/wp\/v2\/media?parent=3047"}],"wp:term":[{"taxonomy":"product_cat","embeddable":true,"href":"https:\/\/bricofel.com\/site\/wp-json\/wp\/v2\/product_cat?post=3047"},{"taxonomy":"product_tag","embeddable":true,"href":"https:\/\/bricofel.com\/site\/wp-json\/wp\/v2\/product_tag?post=3047"}],"curies":[{"name":"wp","href":"https:\/\/api.w.org\/{rel}","templated":true}]}}