{"id":3054,"date":"2022-11-09T12:19:50","date_gmt":"2022-11-09T12:19:50","guid":{"rendered":"https:\/\/bricofel.com\/site\/?post_type=product&#038;p=3054"},"modified":"2022-11-09T12:21:03","modified_gmt":"2022-11-09T12:21:03","slug":"optimill-fu-5-600-hsc-15","status":"publish","type":"product","link":"https:\/\/bricofel.com\/site\/product\/optimill-fu-5-600-hsc-15\/","title":{"rendered":"OPTImill FU 5-600 HSC 15"},"content":{"rendered":"<p>Design pesado<br \/>\nAlta produtividade<br \/>\nCobertura de guia telesc\u00f3pica<br \/>\nFusos de esferas de alto desempenho pr\u00e9-carregados e retificados com precis\u00e3o para altas velocidades de deslocamento r\u00e1pido<br \/>\nEixo montado em rolamentos de precis\u00e3o P5 e lubrificado permanentemente<br \/>\nServo acionamentos de alto torque em todos os cinco eixos<br \/>\nGuia linear de precis\u00e3o<br \/>\nBalan\u00e7as de vidro Heidenhain &#8211; sistema de medi\u00e7\u00e3o adicional garante melhor precis\u00e3o<br \/>\nAlta velocidade de deslocamento r\u00e1pido de at\u00e9 36 m\/min<br \/>\nEixo C com motor de torque para m\u00e1xima velocidade e precis\u00e3o do ciclo de vida<br \/>\nEixo A com engrenagem helicoidal para alto torque durante os processos de inclina\u00e7\u00e3o<br \/>\nO volante eletr\u00f4nico port\u00e1til com bot\u00e3o de confirma\u00e7\u00e3o e interruptor de impacto de parada de emerg\u00eancia facilita muito a execu\u00e7\u00e3o de programas<br \/>\nPin\u00e7a de bra\u00e7o duplo trocador de ferramentas com 32 espa\u00e7os de ferramenta no escopo de entrega padr\u00e3o (opcionalmente dispon\u00edvel com 48 ou 60 espa\u00e7os de ferramenta)<br \/>\nDispositivo de refrigera\u00e7\u00e3o com tanque de refrigera\u00e7\u00e3o de 380 litros com sistema de lavagem de cavacos e pistola de limpeza<br \/>\nLubrifica\u00e7\u00e3o central autom\u00e1tica<br \/>\nConex\u00e3o de plugue RJ45, USB e conex\u00e3o de energia 230 V<br \/>\nInterface USB adicional no painel de controle<br \/>\nUnidade de refrigera\u00e7\u00e3o do circuito de \u00e1gua para o fuso principal e motor do fuso principal<br \/>\nTransportador de cavacos em design de correia garante remo\u00e7\u00e3o eficiente de cavacos<br \/>\nCarro de chip<br \/>\nResfriamento interno do fuso 20 bar com tanque interno (\u00e9 necess\u00e1ria suc\u00e7\u00e3o)<br \/>\nTrocador de calor<br \/>\nEMC (compatibilidade eletromagn\u00e9tica)<br \/>\nDois anos de contrato de servi\u00e7o de reparo Siemens inclu\u00eddo<\/p>\n<p>SINUMERIK 840D sl com painel de opera\u00e7\u00e3o multitoque preto OP 019<\/p>\n<p>A solu\u00e7\u00e3o certa para cada desafio tecnol\u00f3gico<\/p>\n<p>O SINUMERIK 840D sl \u00e9 justamente considerado como refer\u00eancia na classe premium CNC. O desempenho m\u00e1ximo do CNC, bem como a flexibilidade e abertura incompar\u00e1veis \u200b\u200bs\u00e3o a base para quase todos os conceitos de m\u00e1quina.<\/p>\n<p>Opera\u00e7\u00e3o multitoque OP 019 preto<\/p>\n<p>Display industrial diagonal de 18,5&#8243;<br \/>\nM\u00e1xima facilidade de uso: Tecnologia multitoque capacitiva (at\u00e9 5 pontos de contato simultaneamente)<br \/>\nAlta resolu\u00e7\u00e3o de 1.366 x 768 pixels em formato widescreen<br \/>\nRobusto: sem desgaste nos componentes mec\u00e2nicos gra\u00e7as \u00e0 tecnologia multitoque<br \/>\nFrente de vidro resistente a arranh\u00f5es<br \/>\nDesign moderno e inteligente<br \/>\nPode ser operado com luvas de trabalho<\/p>\n<p>SIEMENS SAFETY INTEGRATED &#8211; Configura\u00e7\u00e3o com a porta aberta<\/p>\n<p>A seguran\u00e7a funcional tamb\u00e9m protege contra custos elevados!<\/p>\n<p>A seguran\u00e7a da m\u00e1quina e do sistema n\u00e3o \u00e9 importante apenas porque regulamenta\u00e7\u00f5es r\u00edgidas devem ser observadas. Se tudo correr bem, voc\u00ea se beneficia da economia de tempo em engenharia, maior disponibilidade do sistema e maior seguran\u00e7a do investimento.<\/p>\n<p>Modular e escal\u00e1vel<\/p>\n<p>Al\u00e9m do desempenho escal\u00e1vel da NCU, o SINUMERIK 840D sl tamb\u00e9m oferece um alto grau de modularidade nos componentes do operador. Com um conceito operacional flex\u00edvel &#8211; por exemplo B. a combina\u00e7\u00e3o de qualquer painel de opera\u00e7\u00e3o com a NCU &#8211; \u200b\u200bo SINUMERIK 840D sl se adapta perfeitamente \u00e0 filosofia operacional dos modernos conceitos de m\u00e1quinas premium.<\/p>\n<p>Benchmark em Arquitetura Aberta<\/p>\n<p>A abertura do sistema do SINUMERIK 840D sl \u00e9 \u00fanica. Desta forma, o CNC pode ser adaptado de forma otimizada \u00e0 tecnologia da m\u00e1quina e tem um alto grau de liberdade na automa\u00e7\u00e3o da produ\u00e7\u00e3o.<\/p>\n<p>Pacote completo<\/p>\n<p>SINUMERIK Safety Fun\u00e7\u00f5es de seguran\u00e7a integradas<br \/>\nDetec\u00e7\u00e3o e processamento de material residual<br \/>\nPrograma\u00e7\u00e3o de etapas de usinagem ShopMill<br \/>\nMDynamics 5 eixos<br \/>\nGerenciar unidade de rede<br \/>\nSimula\u00e7\u00e3o 3D<br \/>\nSuperf\u00edcie avan\u00e7ada<br \/>\nInterpola\u00e7\u00e3o de spline<br \/>\nTransmiss\u00e3o e transforma\u00e7\u00e3o da superf\u00edcie lateral<br \/>\nCiclos de medi\u00e7\u00e3o<br \/>\nGrava\u00e7\u00e3o simult\u00e2nea<br \/>\nMem\u00f3ria de usu\u00e1rio HMI no cart\u00e3o CF<br \/>\nCompensa\u00e7\u00e3o do raio da ferramenta 3D<br \/>\nCiclo de medi\u00e7\u00e3o cinem\u00e1tica CYCLE996<\/p>\n<p>SIEMENS NCU 730.3<\/p>\n<p>At\u00e9 31 eixos<br \/>\nTempo de ciclo 0,3 ms<br \/>\nAt\u00e9 1.500 ferramentas<br \/>\nPossibilidade de evitar colis\u00f5es<\/p>\n<p>Prorroga\u00e7\u00e3o do contrato de servi\u00e7o de reparo SIEMENS (RSV)<\/p>\n<p>Com o Contrato de Servi\u00e7o de Reparo SIEMENS (RSV), voc\u00ea protege sua m\u00e1quina por mais 12, 24 ou 36 meses (apenas para ser adquirido dentro da garantia Siemens de dois anos)<\/p>\n<p>12 meses; Artigo n\u00ba 3589035<br \/>\n24 meses; Artigo n\u00ba 3589036<br \/>\n36 meses; Artigo n\u00ba 3589037<\/p>\n<p>Detalhes do equipamento<\/p>\n<p>Eixo principal e motor<\/p>\n<p>Resfriado a \u00e1gua<\/p>\n<p>Unidade central<\/p>\n<p>Eixo X<\/p>\n<p>Fuso<\/p>\n<p>Fuso em linha com uma velocidade de 15.000 rpm<br \/>\nou<\/p>\n<p>Fuso de alta frequ\u00eancia (fuso embutido) da Kessler com uma velocidade de 24.000 rpm<\/p>\n<p>Mesa girat\u00f3ria e girat\u00f3ria<\/p>\n<p>Por LCM It\u00e1lia<br \/>\nCoordena\u00e7\u00e3o geom\u00e9trica e funcional perfeita<\/p>\n<p>Remo\u00e7\u00e3o de cavacos<\/p>\n<p>M\u00e1quina projetada para remo\u00e7\u00e3o ideal de cavacos<\/p>\n<p>Base<\/p>\n<p>Base da m\u00e1quina fortemente nervurada e sem tor\u00e7\u00e3o, feita de fundi\u00e7\u00e3o de qualidade<\/p>\n<p>Mesa girat\u00f3ria e girat\u00f3ria<\/p>\n<p>Velocidade de rota\u00e7\u00e3o m\u00e1x. 90 min\u00af\u00b9<br \/>\nVelocidade de inclina\u00e7\u00e3o m\u00e1x. 16,6 min\u00af\u00b9<br \/>\n3 conex\u00f5es hidr\u00e1ulicas e 1 pneum\u00e1tica (sem v\u00e1lvulas)<br \/>\nEixo A e eixo C de alta precis\u00e3o<br \/>\nCarga m\u00e1xima da mesa 600 kg<\/p>\n<p>Eixos de alimenta\u00e7\u00e3o<\/p>\n<p>Conduzido diretamente<br \/>\nDeslocamento r\u00e1pido X, Y, eixo Z 36 m\/min<\/p>\n<p>Trocador de ferramentas<\/p>\n<p>Garra de bra\u00e7o duplo<br \/>\nRevista de bateria<br \/>\n32 lugares de ferramentas<br \/>\nOpcionalmente com 48 ou 60 lugares de ferramentas<\/p>\n<p>Lubrifica\u00e7\u00e3o com graxa<\/p>\n<p>Reduz o desgaste<br \/>\nAlta capacidade de carga<br \/>\nExcelente filme lubrificante<br \/>\nBaixa necessidade de manuten\u00e7\u00e3o<br \/>\nBoas propriedades de ades\u00e3o<\/p>\n<p>Separador de \u00f3leo\/escumadeira de \u00f3leo<\/p>\n<p>O skimmer de \u00f3leo remove de forma confi\u00e1vel os \u00f3leos residuais flutuantes e as limalhas mais finas dos lubrificantes de refrigera\u00e7\u00e3o<\/p>\n<p>Guias<\/p>\n<p>Guias de rolos de alta precis\u00e3o em todos os tr\u00eas eixos<br \/>\nAs guias lineares frontais cont\u00eam carros de guia adicionais para garantir a estabilidade din\u00e2mica.<\/p>\n<p>Ao controle<\/p>\n<p>Nova gera\u00e7\u00e3o de pain\u00e9is de controle com novas op\u00e7\u00f5es de opera\u00e7\u00e3o da m\u00e1quina<br \/>\nSuperf\u00edcie moderna da tela multitoque<\/p>\n<p>Transportador de cavacos<\/p>\n<p>Design de cinto<br \/>\nPara remo\u00e7\u00e3o eficiente de cavacos<\/p>\n<p>Unidade de circula\u00e7\u00e3o de \u00e1gua<\/p>\n<p>Resfriamento do fuso principal e do motor do fuso principal<\/p>\n","protected":false},"excerpt":{"rendered":"<p>Centro de usinagem simult\u00e2nea de 5 eixos para usinagem completa poderosa. Com controle SIEMENS 840D sl<\/p>\n","protected":false},"featured_media":3055,"template":"","meta":[],"product_cat":[440,439],"product_tag":[],"class_list":["post-3054","product","type-product","status-publish","has-post-thumbnail","hentry","product_cat-maquinas-industriais-metal","product_cat-metal","product_brand-optimum"],"aioseo_notices":[],"_links":{"self":[{"href":"https:\/\/bricofel.com\/site\/wp-json\/wp\/v2\/product\/3054","targetHints":{"allow":["GET"]}}],"collection":[{"href":"https:\/\/bricofel.com\/site\/wp-json\/wp\/v2\/product"}],"about":[{"href":"https:\/\/bricofel.com\/site\/wp-json\/wp\/v2\/types\/product"}],"wp:featuredmedia":[{"embeddable":true,"href":"https:\/\/bricofel.com\/site\/wp-json\/wp\/v2\/media\/3055"}],"wp:attachment":[{"href":"https:\/\/bricofel.com\/site\/wp-json\/wp\/v2\/media?parent=3054"}],"wp:term":[{"taxonomy":"product_cat","embeddable":true,"href":"https:\/\/bricofel.com\/site\/wp-json\/wp\/v2\/product_cat?post=3054"},{"taxonomy":"product_tag","embeddable":true,"href":"https:\/\/bricofel.com\/site\/wp-json\/wp\/v2\/product_tag?post=3054"}],"curies":[{"name":"wp","href":"https:\/\/api.w.org\/{rel}","templated":true}]}}