{"id":3094,"date":"2022-11-09T17:58:14","date_gmt":"2022-11-09T17:58:14","guid":{"rendered":"https:\/\/bricofel.com\/site\/?post_type=product&#038;p=3094"},"modified":"2022-11-09T17:58:45","modified_gmt":"2022-11-09T17:58:45","slug":"optibroca-dh-40ct","status":"publish","type":"product","link":"https:\/\/bricofel.com\/site\/product\/optibroca-dh-40ct\/","title":{"rendered":"OPTIbroca DH 40CT"},"content":{"rendered":"<p>Vers\u00e3o de fundi\u00e7\u00e3o s\u00f3lida e pesada<br \/>\nFuncionamento suave devido a engrenagens retificadas em banho de \u00f3leo<br \/>\nGrande faixa de velocidade de 95 &#8211; 3.200 min -1<br \/>\nMotor el\u00e9trico industrial de qualidade de dois est\u00e1gios<br \/>\nMesa transversal maci\u00e7a de grandes dimens\u00f5es, usinada com precis\u00e3o na superf\u00edcie, ajust\u00e1vel atrav\u00e9s de 3 volantes, com escala de dimens\u00e3o longitudinal integrada<br \/>\nParadas finais ajust\u00e1veis \u200b\u200bna mesa cruzada<br \/>\nA altura da cabe\u00e7a da engrenagem e da mesa pode ser ajustada<br \/>\nAs guias da mesa podem ser ajustadas com precis\u00e3o atrav\u00e9s de tiras de cunha ajust\u00e1veis<br \/>\nPlaca de base maci\u00e7a com tratamento de superf\u00edcie preciso; pode ser usado como superf\u00edcie de trabalho para pe\u00e7as de trabalho particularmente altas girando a mesa transversal para fora<br \/>\nRota\u00e7\u00e3o direita\/esquerda<br \/>\nParada de profundidade de perfura\u00e7\u00e3o<br \/>\nFun\u00e7\u00e3o de corte de linha<\/p>\n","protected":false},"excerpt":{"rendered":"<p>Vers\u00e3o de fundi\u00e7\u00e3o s\u00f3lida e pesada Funcionamento suave devido a engrenagens retificadas em banho de \u00f3leo Grande faixa de velocidade de 95 &#8211; 3.200 min -1 Motor el\u00e9trico industrial de qualidade de dois est\u00e1gios Mesa transversal maci\u00e7a de grandes dimens\u00f5es, usinada com precis\u00e3o na superf\u00edcie, ajust\u00e1vel atrav\u00e9s de 3 volantes, com escala de dimens\u00e3o longitudinal [&#8230;]\n","protected":false},"featured_media":3095,"template":"","meta":[],"product_cat":[440,439],"product_tag":[],"class_list":["post-3094","product","type-product","status-publish","has-post-thumbnail","hentry","product_cat-maquinas-industriais-metal","product_cat-metal","product_brand-optimum"],"aioseo_notices":[],"_links":{"self":[{"href":"https:\/\/bricofel.com\/site\/wp-json\/wp\/v2\/product\/3094","targetHints":{"allow":["GET"]}}],"collection":[{"href":"https:\/\/bricofel.com\/site\/wp-json\/wp\/v2\/product"}],"about":[{"href":"https:\/\/bricofel.com\/site\/wp-json\/wp\/v2\/types\/product"}],"wp:featuredmedia":[{"embeddable":true,"href":"https:\/\/bricofel.com\/site\/wp-json\/wp\/v2\/media\/3095"}],"wp:attachment":[{"href":"https:\/\/bricofel.com\/site\/wp-json\/wp\/v2\/media?parent=3094"}],"wp:term":[{"taxonomy":"product_cat","embeddable":true,"href":"https:\/\/bricofel.com\/site\/wp-json\/wp\/v2\/product_cat?post=3094"},{"taxonomy":"product_tag","embeddable":true,"href":"https:\/\/bricofel.com\/site\/wp-json\/wp\/v2\/product_tag?post=3094"}],"curies":[{"name":"wp","href":"https:\/\/api.w.org\/{rel}","templated":true}]}}