{"id":3113,"date":"2022-11-09T18:16:18","date_gmt":"2022-11-09T18:16:18","guid":{"rendered":"https:\/\/bricofel.com\/site\/?post_type=product&#038;p=3113"},"modified":"2022-11-09T18:17:17","modified_gmt":"2022-11-09T18:17:17","slug":"sar-1000","status":"publish","type":"product","link":"https:\/\/bricofel.com\/site\/product\/sar-1000\/","title":{"rendered":"SAR 1000"},"content":{"rendered":"<p>Design moderno em constru\u00e7\u00e3o de a\u00e7o est\u00e1vel<br \/>\nAlta flexibilidade de design gra\u00e7as ao trilho de borda segmentado com pe\u00e7as de segmento remov\u00edveis<br \/>\nOpera\u00e7\u00e3o atrav\u00e9s de dois bra\u00e7os de alavanca grandes, ajust\u00e1veis \u200b\u200be f\u00e1ceis de operar dispostos lateralmente<br \/>\nMesa tesoura com fita m\u00e9trica inserida e batente em \u00e2ngulo reto em ambos os lados<br \/>\nRolo superior, traseiro e inferior facilmente ajust\u00e1vel<br \/>\nSuperf\u00edcie de contato longa<br \/>\nBackgauge ajust\u00e1vel e suporte de material frontal extens\u00edvel para a coloca\u00e7\u00e3o segura de folhas de grande formato<\/p>\n<p>Invers\u00e3o de marcha<\/p>\n<p>Parafusos de ajuste para a espessura do material com escala<br \/>\nRolos de dobra de solo com ranhuras de assentamento de arame nos rolos inferiores e frontais<\/p>\n<p>dobrando<\/p>\n<p>Bochechas dobr\u00e1veis \u200b\u200bde alta qualidade<br \/>\nDispositivo de penas<br \/>\nTrilho de borda dividida por segmento 40\/50\/65\/100\/180\/255\/380 mm para dobra de cassete<\/p>\n<p>Cortar<\/p>\n<p>Corte limpo e sem rebarbas por l\u00e2minas superiores e inferiores feitas de a\u00e7o de qualidade<\/p>\n","protected":false},"excerpt":{"rendered":"<p>Tr\u00eas em um: dobra redonda, dobra e corte. Ideal para o usu\u00e1rio exigente<\/p>\n","protected":false},"featured_media":3114,"template":"","meta":[],"product_cat":[440,439],"product_tag":[],"class_list":["post-3113","product","type-product","status-publish","has-post-thumbnail","hentry","product_cat-maquinas-industriais-metal","product_cat-metal","product_brand-optimum"],"aioseo_notices":[],"_links":{"self":[{"href":"https:\/\/bricofel.com\/site\/wp-json\/wp\/v2\/product\/3113","targetHints":{"allow":["GET"]}}],"collection":[{"href":"https:\/\/bricofel.com\/site\/wp-json\/wp\/v2\/product"}],"about":[{"href":"https:\/\/bricofel.com\/site\/wp-json\/wp\/v2\/types\/product"}],"wp:featuredmedia":[{"embeddable":true,"href":"https:\/\/bricofel.com\/site\/wp-json\/wp\/v2\/media\/3114"}],"wp:attachment":[{"href":"https:\/\/bricofel.com\/site\/wp-json\/wp\/v2\/media?parent=3113"}],"wp:term":[{"taxonomy":"product_cat","embeddable":true,"href":"https:\/\/bricofel.com\/site\/wp-json\/wp\/v2\/product_cat?post=3113"},{"taxonomy":"product_tag","embeddable":true,"href":"https:\/\/bricofel.com\/site\/wp-json\/wp\/v2\/product_tag?post=3113"}],"curies":[{"name":"wp","href":"https:\/\/api.w.org\/{rel}","templated":true}]}}